
In base 6, what is -2 - -34?
32
In base 16, what is 1 - 2db?
-2da
In base 3, what is -12 - 2210020?
-2210102
In base 11, what is a9 - 3?
a6
In base 15, what is 12de + -2?
12dc
In base 11, what is -2 + -26?
-28
In base 8, what is 3542 + -17?
3523
In base 12, what is 5 - 4?
1
In base 16, what is 3c - 6?
36
In base 4, what is -12 - -203?
131
In base 9, what is -5 - -164?
158
In base 16, what is 2 + -28?
-26
In base 10, what is 19 + 55?
74
In base 14, what is 2 - 37?
-35
In base 12, what is 2852 - -4?
2856
In base 8, what is -641 - -2?
-637
In base 13, what is 11c + -13?
109
In base 2, what is 110110 + 100?
111010
In base 10, what is 3 + -7952?
-7949
In base 16, what is -4 + 7c6?
7c2
In base 10, what is -61 + 21?
-40
In base 9, what is -188 + -22?
-221
In base 14, what is 1 + -31?
-30
In base 16, what is -462f - -3?
-462c
In base 3, what is -2 + -1021201?
-1021210
In base 9, what is -4 - -245?
241
In base 16, what is b8fe + 2?
b900
In base 15, what is -1ac - 5?
-1b2
In base 2, what is -111 + 10001?
1010
In base 8, what is -13 + -1006?
-1021
In base 5, what is -22 + -400?
-422
In base 5, what is -33 - -13?
-20
In base 16, what is -200 - 5?
-205
In base 12, what is 936b - 0?
936b
In base 13, what is 2 + 255c?
2561
In base 9, what is -106 + 8?
-87
In base 2, what is 110101101 + 11?
110110000
In base 2, what is -1101 + -100101?
-110010
In base 6, what is 454 + -30?
424
In base 4, what is 11 + 212330?
213001
In base 15, what is 3 + -3a?
-37
In base 15, what is 2 + 1d?
20
In base 7, what is -4 - -1011?
1004
In base 9, what is -2 + -88?
-101
In base 3, what is 12221 - -1121?
21112
In base 15, what is 4c + -4?
48
In base 3, what is 10011 - -1112?
11200
In base 10, what is 172 - -16?
188
In base 5, what is 3 + -213023?
-213020
In base 6, what is -11 - -1?
-10
In base 11, what is 4 - 15?
-11
In base 8, what is -2 - 311?
-313
In base 12, what is -5 + -5?
-a
In base 5, what is -3 + 34?
31
In base 16, what is 10d - -17?
124
In base 12, what is 9 - 1?
8
In base 10, what is -11 + 2128?
2117
In base 13, what is 5 + -10?
-8
In base 2, what is -101110 - -100?
-101010
In base 15, what is -132b - 2?
-132d
In base 5, what is -1001 - -4?
-442
In base 14, what is -3 - -585?
582
In base 16, what is -15f - 3?
-162
In base 10, what is 72 - -31?
103
In base 5, what is -2 - -1023?
1021
In base 5, what is 0 - -1201?
1201
In base 15, what is 3 - 74?
-71
In base 15, what is -2cd8 - -4?
-2cd4
In base 8, what is -1457 - -5?
-1452
In base 10, what is 9625 - 0?
9625
In base 2, what is 1000111110101 - 0?
1000111110101
In base 9, what is -4 + -24?
-28
In base 8, what is -4324 - 5?
-4331
In base 5, what is 1040024 - 10?
1040014
In base 2, what is 1011100 + 10000?
1101100
In base 12, what is 9 - 22?
-15
In base 3, what is -11 + 10020?
10002
In base 14, what is 3 + -859?
-856
In base 9, what is -15 - -3?
-12
In base 2, what is 1000101111 - 1010?
1000100101
In base 9, what is 108 + -2?
106
In base 5, what is -12211 - 11?
-12222
In base 13, what is 7c + 1?
80
In base 5, what is 4202 + -3?
4144
In base 9, what is 125 + 5?
131
In base 4, what is -122122 - -2?
-122120
In base 12, what is -3b69 - 1?
-3b6a
In base 15, what is -81 - 0?
-81
In base 7, what is 4 - -24?
31
In base 9, what is 2 - 2112?
-2110
In base 14, what is -2 + -440?
-442
In base 6, what is -3 + 440?
433
In base 14, what is 133 - 3?
130
In base 9, what is -2301 - 4?
-2305
In base 16, what is 59 + 1c?
75
In base 12, what is -2 - 1a?
-20
In base 4, what is -32 - 1110?
-1202
In base 9, what is -88 + 2?
-86
In base 6, what is -12 + 2?
-10
In base 5, what is 4 - -220?
224
In base 8, what is 716 + -21?
675
In base 10, what is -3 + -147?
-150
In base 3, what is 1211 + -110?
1101
In base 2, what is 101 - -10000011001?
10000011110
In base 8, what is -7 + 12?
3
In base 11, what is 4324 - -1?
4325
In base 3, what is -22 + 10001?
2202
In base 11, what is 3 + -14a?
-147
In base 7, what is -43 + 45?
2
In base 9, what is 28 + 7?
36
In base 15, what is -68c4 - -4?
-68c0
In base 9, what is -1 + 8?
7
In base 7, what is 3 + 1463?
1466
In base 11, what is 21 - -6a?
90
In base 5, what is -432 - 4?
-441
In base 8, what is -60636 + -1?
-60637
In base 10, what is -1 - 318?
-319
In base 11, what is -68 + 37?
-31
In base 3, what is 100 + -11101120?
-11101020
In base 14, what is 3 - -38?
3b
In base 2, what is -100000 - 11100000?
-100000000
In base 5, what is 11 - 2124?
-2113
In base 7, what is 0 + -235?
-235
In base 8, what is -45 - 7?
-54
In base 11, what is -5 + -187?
-191
In base 6, what is -333 - -51?
-242
In base 6, what is 5 + -32005?
-32000
In base 5, what is -10104 + 4?
-10100
In base 13, what is -3 - -32?
2c
In base 15, what is -8 + 4?
-4
In base 2, what is 101 + -1000100?
-111111
In base 15, what is e2c + 6?
e33
In base 9, what is -4 + -280?
-284
In base 9, what is -18 - -8?
-10
In base 10, what is 57 - 2?
55
In base 16, what is 4 - c16?
-c12
In base 12, what is -52 + -32?
-84
In base 10, what is -4 + -155?
-159
In base 16, what is 1d4 + -2?
1d2
In base 15, what is 4 + -1677?
-1673
In base 8, what is -2 + 70?
66
In base 5, what is 3224 - 0?
3224
In base 13, what is 725 - 4?
721
In base 11, what is -214 + 88?
-137
In base 3, what is -101012 + 11?
-101001
In base 13, what is 3 - 147?
-144
In base 2, what is -110001 - -11?
-101110
In base 14, what is -96 - 0?
-96
In base 9, what is -3 + -32?
-35
In base 15, what is a + 19?
24
In base 13, what is -1 - -27?
26
In base 8, what is 1 + -26?
-25
In base 15, what is 336 + -8?
32d
In base 12, what is -8b - 1?
-90
In base 16, what is 0 + -d?
-d
In base 5, what is 20 - -44?
114
In base 10, what is 2 + -95?
-93
In base 4, what is -2 + 3?
1
In base 7, what is 0 + -546?
-546
In base 3, what is -10 + 22020111?
22020101
In base 16, what is 46 + -2a?
1c
In base 4, what is -1120 + 10?
-1110
In base 4, what is 0 + 203000?
203000
In base 2, what is -10111111 + 10?
-10111101
In base 9, what is 25 - -568?
604
In base 7, what is 144 - -36?
213
In base 3, what is -2 + 21020102?
21020100
In base 14, what is -6 - 1c7c?
-1c84
In base 16, what is 1a5 + -10?
195
In base 13, what is -1 - 2?
-3
In base 7, what is -222 - 126?
-351
In base 15, what is 90 - -5?
95
In base 7, what is 51 + -32?
16
In base 11, what is 1a59 + -3?
1a56
In base 3, what is 111 - 10?
101
In base 6, what is 15 - 14?
1
In base 11, what is -4a5 - -5?
-4a0
In base 5, what is 1202 + 4?
1211
In base 13, what is -1c - 171?
-190
In base 13, what is 60 - 4?
59
In base 12, what is -62 + -4?
-66
In base 3, what is 12022 + 20?
12112
In base 3, what is 1002 + -2?
1000
In base 13, what is 123 + -4?
11c
In base 11, what is 677 + -2?
675
In base 14, what is 8 + -5b?
-53
In base 9, what is -15206 - 5?
-15212
In base 14, what is 1b - 9?
12
In base 2, what is -1101 + 1011?
-10
In base 15, what is 4 + 47d?
482
In base 6, what is 4 - -4313?
4321
In base 13, what is 2 + 27?
29
In base 4, what is 11023 + 3?
11032
In base 7, what is 1 + 311?
312
In base 15, what is -6 - 26?
-2c
In base 4, what is -3 + -210?
-213
In base 7, what is -11 - -31?
20
In base 8, what is -17 - -406?
367
In base 14, what is -1 + -182b?
-182c
In base 5, what is 32 - 333?
-301
In base 4, what is -2 - 10322?
-10330
In base 7, what is -650 - 40?
-1020
In base 16, what is -5 - 585?
-58a
In base 11, what is -1 - 33?
-34
In base 14, what is cc - 5?
c7
In base 3, what is 110201 + 11?
110212
In base 3, what is 1100 + -12?
1011
In base 3, what is -2212 - 2?
-2221
In base 5, what is -10 - 3210?
-3220
In base 11, what is 2 - -278?
27a
In base 15, what is -74 + 3e?
-35
In base 10, what is -37 + -98?
-135
In base 7, what is -1465 - -3?
-1462
In base 8, what is 26 - -2017?
2045
In base 11, what is -844 + -7?
-850
In base 6, what is 1 - -24?
25
In base 11, what is 9 - a2?
-94
In base 7, what is 4 - 155?
-151
In base 15, what is 1e + -482?
-463
In base 12, what is 9 + -12?
-5
In base 3, what is -10001 + 2?
-2222
In base 9, what is -15 + -8?
-24
In base 11, what is 6aa - 0?
6aa
In base 12, what is -108 + -14?
-120
In base 13, what is -7 - 10?
-17
In base 11, what is -185 + 3?
-182
In base 14, what is 0 + -10?
-10
In base 15, what is -16 - 8?
-1e
In base 9, what is 3 - -3?
6
In base 11, what is a + -2?
8
In base 7, what is 3 - 35?
-32
In base 8, what is 0 - 16?
-16
In base 3, what is 2 + -2211200?
-2211121
In base 